{"id":158,"date":"2023-09-17T18:07:16","date_gmt":"2023-09-17T18:07:16","guid":{"rendered":"https:\/\/wagnerlabs.maximilianfalter.de\/?page_id=158"},"modified":"2024-12-03T08:36:12","modified_gmt":"2024-12-03T08:36:12","slug":"ralf-wagner","status":"publish","type":"page","link":"https:\/\/wagner-lab.de\/?page_id=158","title":{"rendered":"Prof. Dr. Ralf Wagner"},"content":{"rendered":"\t\t<div data-elementor-type=\"wp-page\" data-elementor-id=\"158\" class=\"elementor elementor-158\" data-elementor-post-type=\"page\">\n\t\t\t\t<div class=\"elementor-element elementor-element-d200c0d e-flex e-con-boxed e-con e-parent\" data-id=\"d200c0d\" data-element_type=\"container\" data-settings=\"{&quot;background_background&quot;:&quot;classic&quot;}\">\n\t\t\t\t\t<div class=\"e-con-inner\">\n\t\t<div class=\"elementor-element elementor-element-39a9e74 e-con-full e-flex e-con e-child\" data-id=\"39a9e74\" data-element_type=\"container\">\n\t\t\t\t<div class=\"elementor-element elementor-element-2f61133 elementor-widget__width-initial elementor-widget elementor-widget-image\" data-id=\"2f61133\" data-element_type=\"widget\" data-widget_type=\"image.default\">\n\t\t\t\t<div class=\"elementor-widget-container\">\n\t\t\t\t\t\t\t\t\t\t\t\t\t\t\t<img fetchpriority=\"high\" decoding=\"async\" width=\"800\" height=\"520\" src=\"https:\/\/wagner-lab.de\/wp-content\/uploads\/2024\/01\/Prof_Dr_Ralf_Wagner_Web_2024-1024x665.jpg\" class=\"attachment-large size-large wp-image-1191\" alt=\"\" srcset=\"https:\/\/wagner-lab.de\/wp-content\/uploads\/2024\/01\/Prof_Dr_Ralf_Wagner_Web_2024-1024x665.jpg 1024w, https:\/\/wagner-lab.de\/wp-content\/uploads\/2024\/01\/Prof_Dr_Ralf_Wagner_Web_2024-300x195.jpg 300w, https:\/\/wagner-lab.de\/wp-content\/uploads\/2024\/01\/Prof_Dr_Ralf_Wagner_Web_2024-768x499.jpg 768w, https:\/\/wagner-lab.de\/wp-content\/uploads\/2024\/01\/Prof_Dr_Ralf_Wagner_Web_2024-1536x998.jpg 1536w, https:\/\/wagner-lab.de\/wp-content\/uploads\/2024\/01\/Prof_Dr_Ralf_Wagner_Web_2024.jpg 1859w\" sizes=\"(max-width: 800px) 100vw, 800px\" \/>\t\t\t\t\t\t\t\t\t\t\t\t\t\t\t<\/div>\n\t\t\t\t<\/div>\n\t\t\t\t<\/div>\n\t\t<div class=\"elementor-element elementor-element-56bfd37 e-con-full e-flex e-con e-child\" data-id=\"56bfd37\" data-element_type=\"container\">\n\t\t\t\t<div class=\"elementor-element elementor-element-81cd64c elementor-widget elementor-widget-text-editor\" data-id=\"81cd64c\" data-element_type=\"widget\" data-widget_type=\"text-editor.default\">\n\t\t\t\t<div class=\"elementor-widget-container\">\n\t\t\t\t\t\t\t\t\t<p><strong>Ralf Wagner <\/strong>is Univ.-Prof. for Medical Microbiology (Virology) at the University of Regensburg. Ralf is passionate about developing vaccines from bench to clinic \u2013 initially with a strong focus on HIV, meanwhile comprising a broader spectrum of viruses \u2013 some, which are highly pathogenic (Ebola, Marburg, Lassa, CCHF), harbor pandemic potential (Influenza- and Coronaviruses) and are linked to malignancies (HPV) or severe clinical manifestations (CMV). Several of his vaccine candidates made it from the bench to the clinic (phase 2b). He pioneered recombinant virus-like particles for vaccine delivery and established the use of RNA- and codon-optimized \u201esynthetic genes\u201c as golden standard in vaccine design.<\/p><p>He chaired, co-chaired and served as board member of several national and international vaccine clusters (e.g. EU, Gatesfoundation, NIH, BMBF) and acts as reviewer for various funding organisations (DFG, BMBF, EU, Foundations). Ralf has authored and co-authored more than 250 research articles, book chapters, and patent applications.<\/p><p>Ralf is acting as start-up ambassador for the local University, consulting life-science venture funds and co-founder of several biotech companies. Fascinated by the broad applicability of synthesic genes, he established Regensburg-based Geneart AG, a previously public biotech company. During his leadership as CEO and CSO (2000-2012), Geneart grew to more than 230 employees and 2 subsidiaries in Canada and the US. He was awarded with the Germany\u2019s Founders Award (Top 3), the \u201cStep Award\u201d, and the \u201cEuropean Biotech Award\u201d. After the acquisition by Life Technologies Inc., he successfully managed the integration process and served as Vice President of Synthetic Biology within the US Corporation <a href=\"tel:20102012\">(<\/a>2010-2012).<\/p>\t\t\t\t\t\t\t\t<\/div>\n\t\t\t\t<\/div>\n\t\t\t\t<\/div>\n\t\t\t\t\t<\/div>\n\t\t\t\t<\/div>\n\t\t\t\t<\/div>\n\t\t","protected":false},"excerpt":{"rendered":"<p>Ralf Wagner is Univ.-Prof. for Medical Microbiology (Virology) at the University of Regensburg. Ralf is passionate about developing vaccines from bench to clinic \u2013 initially with a strong focus on HIV, meanwhile comprising a broader spectrum of viruses \u2013 some, which are highly pathogenic (Ebola, Marburg, Lassa, CCHF), harbor pandemic potential (Influenza- and Coronaviruses) and [&hellip;]<\/p>\n","protected":false},"author":1,"featured_media":0,"parent":0,"menu_order":0,"comment_status":"closed","ping_status":"closed","template":"","meta":{"footnotes":""},"class_list":["post-158","page","type-page","status-publish","hentry"],"yoast_head":"<!-- This site is optimized with the Yoast SEO plugin v23.3 - https:\/\/yoast.com\/wordpress\/plugins\/seo\/ -->\n<title>Prof. Dr. Ralf Wagner - Wagner Lab<\/title>\n<meta name=\"description\" content=\"Professor f\u00fcr Molekulare Mikrobiologie (Virologie) am Institut f\u00fcr Medizinische Mikrobiologie und Hygiene, Universit\u00e4t Regensburg\" \/>\n<meta name=\"robots\" content=\"index, follow, max-snippet:-1, max-image-preview:large, max-video-preview:-1\" \/>\n<link rel=\"canonical\" href=\"https:\/\/wagner-lab.de\/?page_id=158\" \/>\n<meta property=\"og:locale\" content=\"en_GB\" \/>\n<meta property=\"og:type\" content=\"article\" \/>\n<meta property=\"og:title\" content=\"Prof. Dr. Ralf Wagner - Wagner Lab\" \/>\n<meta property=\"og:description\" content=\"Professor f\u00fcr Molekulare Mikrobiologie (Virologie) am Institut f\u00fcr Medizinische Mikrobiologie und Hygiene, Universit\u00e4t Regensburg\" \/>\n<meta property=\"og:url\" content=\"https:\/\/wagner-lab.de\/?page_id=158\" \/>\n<meta property=\"og:site_name\" content=\"Wagner Lab\" \/>\n<meta property=\"article:modified_time\" content=\"2024-12-03T08:36:12+00:00\" \/>\n<meta property=\"og:image\" content=\"https:\/\/wagner-lab.de\/wp-content\/uploads\/2024\/01\/Prof_Dr_Ralf_Wagner_Web_2024-1024x665.jpg\" \/>\n<meta name=\"twitter:card\" content=\"summary_large_image\" \/>\n<meta name=\"twitter:label1\" content=\"Estimated reading time\" \/>\n\t<meta name=\"twitter:data1\" content=\"2 minutes\" \/>\n<script type=\"application\/ld+json\" class=\"yoast-schema-graph\">{\"@context\":\"https:\/\/schema.org\",\"@graph\":[{\"@type\":\"WebPage\",\"@id\":\"https:\/\/wagner-lab.de\/?page_id=158\",\"url\":\"https:\/\/wagner-lab.de\/?page_id=158\",\"name\":\"Prof. Dr. Ralf Wagner - Wagner Lab\",\"isPartOf\":{\"@id\":\"https:\/\/wagner-lab.de\/#website\"},\"primaryImageOfPage\":{\"@id\":\"https:\/\/wagner-lab.de\/?page_id=158#primaryimage\"},\"image\":{\"@id\":\"https:\/\/wagner-lab.de\/?page_id=158#primaryimage\"},\"thumbnailUrl\":\"https:\/\/wagner-lab.de\/wp-content\/uploads\/2024\/01\/Prof_Dr_Ralf_Wagner_Web_2024-1024x665.jpg\",\"datePublished\":\"2023-09-17T18:07:16+00:00\",\"dateModified\":\"2024-12-03T08:36:12+00:00\",\"description\":\"Professor f\u00fcr Molekulare Mikrobiologie (Virologie) am Institut f\u00fcr Medizinische Mikrobiologie und Hygiene, Universit\u00e4t Regensburg\",\"breadcrumb\":{\"@id\":\"https:\/\/wagner-lab.de\/?page_id=158#breadcrumb\"},\"inLanguage\":\"en-GB\",\"potentialAction\":[{\"@type\":\"ReadAction\",\"target\":[\"https:\/\/wagner-lab.de\/?page_id=158\"]}]},{\"@type\":\"ImageObject\",\"inLanguage\":\"en-GB\",\"@id\":\"https:\/\/wagner-lab.de\/?page_id=158#primaryimage\",\"url\":\"https:\/\/wagner-lab.de\/wp-content\/uploads\/2024\/01\/Prof_Dr_Ralf_Wagner_Web_2024.jpg\",\"contentUrl\":\"https:\/\/wagner-lab.de\/wp-content\/uploads\/2024\/01\/Prof_Dr_Ralf_Wagner_Web_2024.jpg\",\"width\":1859,\"height\":1208},{\"@type\":\"BreadcrumbList\",\"@id\":\"https:\/\/wagner-lab.de\/?page_id=158#breadcrumb\",\"itemListElement\":[{\"@type\":\"ListItem\",\"position\":1,\"name\":\"Home\",\"item\":\"https:\/\/wagner-lab.de\/\"},{\"@type\":\"ListItem\",\"position\":2,\"name\":\"Prof. Dr. Ralf Wagner\"}]},{\"@type\":\"WebSite\",\"@id\":\"https:\/\/wagner-lab.de\/#website\",\"url\":\"https:\/\/wagner-lab.de\/\",\"name\":\"Wagner Lab\",\"description\":\"\",\"publisher\":{\"@id\":\"https:\/\/wagner-lab.de\/#organization\"},\"alternateName\":\"AG Wagner - Molecular virology - Regensburg\",\"potentialAction\":[{\"@type\":\"SearchAction\",\"target\":{\"@type\":\"EntryPoint\",\"urlTemplate\":\"https:\/\/wagner-lab.de\/?s={search_term_string}\"},\"query-input\":\"required name=search_term_string\"}],\"inLanguage\":\"en-GB\"},{\"@type\":\"Organization\",\"@id\":\"https:\/\/wagner-lab.de\/#organization\",\"name\":\"Wagner Lab\",\"alternateName\":\"AG Prof. Ralf Wagner\",\"url\":\"https:\/\/wagner-lab.de\/\",\"logo\":{\"@type\":\"ImageObject\",\"inLanguage\":\"en-GB\",\"@id\":\"https:\/\/wagner-lab.de\/#\/schema\/logo\/image\/\",\"url\":\"https:\/\/wagner-lab.de\/wp-content\/uploads\/2023\/09\/wagnerLogo.jpeg\",\"contentUrl\":\"https:\/\/wagner-lab.de\/wp-content\/uploads\/2023\/09\/wagnerLogo.jpeg\",\"width\":193,\"height\":160,\"caption\":\"Wagner Lab\"},\"image\":{\"@id\":\"https:\/\/wagner-lab.de\/#\/schema\/logo\/image\/\"}}]}<\/script>\n<!-- \/ Yoast SEO plugin. -->","yoast_head_json":{"title":"Prof. Dr. Ralf Wagner - Wagner Lab","description":"Professor f\u00fcr Molekulare Mikrobiologie (Virologie) am Institut f\u00fcr Medizinische Mikrobiologie und Hygiene, Universit\u00e4t Regensburg","robots":{"index":"index","follow":"follow","max-snippet":"max-snippet:-1","max-image-preview":"max-image-preview:large","max-video-preview":"max-video-preview:-1"},"canonical":"https:\/\/wagner-lab.de\/?page_id=158","og_locale":"en_GB","og_type":"article","og_title":"Prof. Dr. Ralf Wagner - Wagner Lab","og_description":"Professor f\u00fcr Molekulare Mikrobiologie (Virologie) am Institut f\u00fcr Medizinische Mikrobiologie und Hygiene, Universit\u00e4t Regensburg","og_url":"https:\/\/wagner-lab.de\/?page_id=158","og_site_name":"Wagner Lab","article_modified_time":"2024-12-03T08:36:12+00:00","og_image":[{"url":"https:\/\/wagner-lab.de\/wp-content\/uploads\/2024\/01\/Prof_Dr_Ralf_Wagner_Web_2024-1024x665.jpg"}],"twitter_card":"summary_large_image","twitter_misc":{"Estimated reading time":"2 minutes"},"schema":{"@context":"https:\/\/schema.org","@graph":[{"@type":"WebPage","@id":"https:\/\/wagner-lab.de\/?page_id=158","url":"https:\/\/wagner-lab.de\/?page_id=158","name":"Prof. Dr. Ralf Wagner - Wagner Lab","isPartOf":{"@id":"https:\/\/wagner-lab.de\/#website"},"primaryImageOfPage":{"@id":"https:\/\/wagner-lab.de\/?page_id=158#primaryimage"},"image":{"@id":"https:\/\/wagner-lab.de\/?page_id=158#primaryimage"},"thumbnailUrl":"https:\/\/wagner-lab.de\/wp-content\/uploads\/2024\/01\/Prof_Dr_Ralf_Wagner_Web_2024-1024x665.jpg","datePublished":"2023-09-17T18:07:16+00:00","dateModified":"2024-12-03T08:36:12+00:00","description":"Professor f\u00fcr Molekulare Mikrobiologie (Virologie) am Institut f\u00fcr Medizinische Mikrobiologie und Hygiene, Universit\u00e4t Regensburg","breadcrumb":{"@id":"https:\/\/wagner-lab.de\/?page_id=158#breadcrumb"},"inLanguage":"en-GB","potentialAction":[{"@type":"ReadAction","target":["https:\/\/wagner-lab.de\/?page_id=158"]}]},{"@type":"ImageObject","inLanguage":"en-GB","@id":"https:\/\/wagner-lab.de\/?page_id=158#primaryimage","url":"https:\/\/wagner-lab.de\/wp-content\/uploads\/2024\/01\/Prof_Dr_Ralf_Wagner_Web_2024.jpg","contentUrl":"https:\/\/wagner-lab.de\/wp-content\/uploads\/2024\/01\/Prof_Dr_Ralf_Wagner_Web_2024.jpg","width":1859,"height":1208},{"@type":"BreadcrumbList","@id":"https:\/\/wagner-lab.de\/?page_id=158#breadcrumb","itemListElement":[{"@type":"ListItem","position":1,"name":"Home","item":"https:\/\/wagner-lab.de\/"},{"@type":"ListItem","position":2,"name":"Prof. Dr. Ralf Wagner"}]},{"@type":"WebSite","@id":"https:\/\/wagner-lab.de\/#website","url":"https:\/\/wagner-lab.de\/","name":"Wagner Lab","description":"","publisher":{"@id":"https:\/\/wagner-lab.de\/#organization"},"alternateName":"AG Wagner - Molecular virology - Regensburg","potentialAction":[{"@type":"SearchAction","target":{"@type":"EntryPoint","urlTemplate":"https:\/\/wagner-lab.de\/?s={search_term_string}"},"query-input":"required name=search_term_string"}],"inLanguage":"en-GB"},{"@type":"Organization","@id":"https:\/\/wagner-lab.de\/#organization","name":"Wagner Lab","alternateName":"AG Prof. Ralf Wagner","url":"https:\/\/wagner-lab.de\/","logo":{"@type":"ImageObject","inLanguage":"en-GB","@id":"https:\/\/wagner-lab.de\/#\/schema\/logo\/image\/","url":"https:\/\/wagner-lab.de\/wp-content\/uploads\/2023\/09\/wagnerLogo.jpeg","contentUrl":"https:\/\/wagner-lab.de\/wp-content\/uploads\/2023\/09\/wagnerLogo.jpeg","width":193,"height":160,"caption":"Wagner Lab"},"image":{"@id":"https:\/\/wagner-lab.de\/#\/schema\/logo\/image\/"}}]}},"_links":{"self":[{"href":"https:\/\/wagner-lab.de\/index.php?rest_route=\/wp\/v2\/pages\/158","targetHints":{"allow":["GET"]}}],"collection":[{"href":"https:\/\/wagner-lab.de\/index.php?rest_route=\/wp\/v2\/pages"}],"about":[{"href":"https:\/\/wagner-lab.de\/index.php?rest_route=\/wp\/v2\/types\/page"}],"author":[{"embeddable":true,"href":"https:\/\/wagner-lab.de\/index.php?rest_route=\/wp\/v2\/users\/1"}],"replies":[{"embeddable":true,"href":"https:\/\/wagner-lab.de\/index.php?rest_route=%2Fwp%2Fv2%2Fcomments&post=158"}],"version-history":[{"count":40,"href":"https:\/\/wagner-lab.de\/index.php?rest_route=\/wp\/v2\/pages\/158\/revisions"}],"predecessor-version":[{"id":3809,"href":"https:\/\/wagner-lab.de\/index.php?rest_route=\/wp\/v2\/pages\/158\/revisions\/3809"}],"wp:attachment":[{"href":"https:\/\/wagner-lab.de\/index.php?rest_route=%2Fwp%2Fv2%2Fmedia&parent=158"}],"curies":[{"name":"wp","href":"https:\/\/api.w.org\/{rel}","templated":true}]}}