{"id":191,"date":"2023-09-17T18:18:34","date_gmt":"2023-09-17T18:18:34","guid":{"rendered":"https:\/\/wagnerlabs.maximilianfalter.de\/?page_id=191"},"modified":"2024-02-09T09:47:50","modified_gmt":"2024-02-09T09:47:50","slug":"teaching","status":"publish","type":"page","link":"https:\/\/wagner-lab.de\/?page_id=191","title":{"rendered":"Teaching"},"content":{"rendered":"\t\t<div data-elementor-type=\"wp-page\" data-elementor-id=\"191\" class=\"elementor elementor-191\" data-elementor-post-type=\"page\">\n\t\t\t\t<div class=\"elementor-element elementor-element-f1b6f61 topbreadcrumb e-con-full e-flex e-con e-parent\" data-id=\"f1b6f61\" data-element_type=\"container\" data-settings=\"{&quot;background_background&quot;:&quot;classic&quot;}\">\n\t\t\t\t<div class=\"elementor-element elementor-element-5621e9f elementor-widget elementor-widget-image\" data-id=\"5621e9f\" data-element_type=\"widget\" data-widget_type=\"image.default\">\n\t\t\t\t<div class=\"elementor-widget-container\">\n\t\t\t\t\t\t\t\t\t\t\t\t\t\t\t<img fetchpriority=\"high\" decoding=\"async\" width=\"1600\" height=\"1067\" src=\"https:\/\/wagner-lab.de\/wp-content\/uploads\/2023\/09\/hintergrund.png\" class=\"attachment-full size-full wp-image-295\" alt=\"\" srcset=\"https:\/\/wagner-lab.de\/wp-content\/uploads\/2023\/09\/hintergrund.png 1600w, https:\/\/wagner-lab.de\/wp-content\/uploads\/2023\/09\/hintergrund-300x200.png 300w, https:\/\/wagner-lab.de\/wp-content\/uploads\/2023\/09\/hintergrund-1024x683.png 1024w, https:\/\/wagner-lab.de\/wp-content\/uploads\/2023\/09\/hintergrund-768x512.png 768w, https:\/\/wagner-lab.de\/wp-content\/uploads\/2023\/09\/hintergrund-1536x1024.png 1536w\" sizes=\"(max-width: 1600px) 100vw, 1600px\" \/>\t\t\t\t\t\t\t\t\t\t\t\t\t\t\t<\/div>\n\t\t\t\t<\/div>\n\t\t\t\t<\/div>\n\t\t<div class=\"elementor-element elementor-element-1e4d428 e-flex e-con-boxed e-con e-parent\" data-id=\"1e4d428\" data-element_type=\"container\" data-settings=\"{&quot;background_background&quot;:&quot;classic&quot;}\">\n\t\t\t\t\t<div class=\"e-con-inner\">\n\t\t\t\t<div class=\"elementor-element elementor-element-a8bb78a elementor-widget elementor-widget-heading\" data-id=\"a8bb78a\" data-element_type=\"widget\" data-widget_type=\"heading.default\">\n\t\t\t\t<div class=\"elementor-widget-container\">\n\t\t\t\t\t<h2 class=\"elementor-heading-title elementor-size-default\">Vorlesungen und Seminare<\/h2>\t\t\t\t<\/div>\n\t\t\t\t<\/div>\n\t\t\t\t<div class=\"elementor-element elementor-element-aae4d19 elementor-widget elementor-widget-text-editor\" data-id=\"aae4d19\" data-element_type=\"widget\" data-widget_type=\"text-editor.default\">\n\t\t\t\t<div class=\"elementor-widget-container\">\n\t\t\t\t\t\t\t\t\t<p>Insb. f\u00fcr Naturwissenschaftler*innen (Studieng\u00e4nge Biologie, Biochemie, Molekulare Medizin, Lehramt)<\/p><h3><strong>WS:<\/strong><\/h3><p>Vorlesung \u201cMolekulare Virologie I\u201d (54405), Dienstags, 17:15 \u2013 18:45, Seminarraum Mikrobiologie D2.5.3 \u2013 Informationen im SPUR, Anmeldung bei GRIPS empfohlen, um an der Veranstaltung teilzunehmen.<\/p><p>Seminar \u201cMolekulare Virologie und Gentechnologie\u201d (54410) \u2013 Informationen im SPUR<\/p><p>Anmeldung bei GRIPS erforderlich, um an der Veranstaltung teilzunehmen. Alle Informationen werden dort bekannt.<\/p><h3><strong>SS:<\/strong><\/h3><p>Vorlesung \u201cMolekulare Virologie II\u201d (54406), Dienstags, 17:15 \u2013 18:45, Seminarraum Mikrobiologie D2.5.3 \u2013 Informationen im SPUR, Anmeldung bei GRIPS empfohlen, um an der Veranstaltung teilzunehmen.<\/p><p>Seminar \u201cMolekulare Virologie und Gentechnologie\u201d (54410) \u2013 Informationen im SPUR<\/p>\t\t\t\t\t\t\t\t<\/div>\n\t\t\t\t<\/div>\n\t\t\t\t<div class=\"elementor-element elementor-element-db20350 elementor-widget-divider--view-line elementor-widget elementor-widget-divider\" data-id=\"db20350\" data-element_type=\"widget\" data-widget_type=\"divider.default\">\n\t\t\t\t<div class=\"elementor-widget-container\">\n\t\t\t\t\t\t\t<div class=\"elementor-divider\">\n\t\t\t<span class=\"elementor-divider-separator\">\n\t\t\t\t\t\t<\/span>\n\t\t<\/div>\n\t\t\t\t\t\t<\/div>\n\t\t\t\t<\/div>\n\t\t\t\t<div class=\"elementor-element elementor-element-1f7426a elementor-widget elementor-widget-heading\" data-id=\"1f7426a\" data-element_type=\"widget\" data-widget_type=\"heading.default\">\n\t\t\t\t<div class=\"elementor-widget-container\">\n\t\t\t\t\t<h2 class=\"elementor-heading-title elementor-size-default\">Labor- und Forschungspraktika\u00a0<\/h2>\t\t\t\t<\/div>\n\t\t\t\t<\/div>\n\t\t\t\t<div class=\"elementor-element elementor-element-c530469 elementor-widget elementor-widget-text-editor\" data-id=\"c530469\" data-element_type=\"widget\" id=\"praktika\" data-widget_type=\"text-editor.default\">\n\t\t\t\t<div class=\"elementor-widget-container\">\n\t\t\t\t\t\t\t\t\t<p>Folgene Laborpraktika k\u00f6nnen bei uns in der Gruppe absolviert werden:<\/p><ul><li>Biologie: 3-w\u00f6chiges Projektpraktikum B.Sc., 6-w\u00f6chiges Schwerpunktpraktikum in Vorbereitung auf die Bachelorarbeit B.Sc., 4-w\u00f6chiges Forschungspraktikum im Rahmen des Moduls &#8220;Medizinische Mikrobiologie&#8221; M.Sc.<\/li><li>Biochemie: 4-w\u00f6chiges Nebenfachpraktikum B.Sc., 4-6-w\u00f6chiges Forschungspraktikum M.Sc.<\/li><li>Molekulare Medizin: 3- oder 6-w\u00f6chiges Laborpraktikunm B.Sc., 3-w\u00f6chiges Methodenpraktikum M.Sc., 4-w\u00f6chige Laborpraktika im Rahmen der Module &#8220;Infektionsimmunologie&#8221; und &#8220;Medizinische Mikrobiologie&#8221; M.Sc.<\/li><\/ul><p>Nach individueller Vereinbarung sind auch l\u00e4ngere Praktikumszeiten m\u00f6glich.<\/p><p>Andere Praktika (auch f\u00fcr externe Studierende) sind nach individueller R\u00fccksprache und ggf. Kl\u00e4rung mit den Studiengangskoordinatoren m\u00f6glich.<\/p><p>Jedes Semester stehen insgesamt (f\u00fcr alle Studieng\u00e4nge zusammengenommen) etwa 5 &#8211; 10 Praktikumspl\u00e4tze zur Verf\u00fcgung.<\/p>\t\t\t\t\t\t\t\t<\/div>\n\t\t\t\t<\/div>\n\t\t\t\t<div class=\"elementor-element elementor-element-ec8c5b6 elementor-widget-divider--view-line elementor-widget elementor-widget-divider\" data-id=\"ec8c5b6\" data-element_type=\"widget\" data-widget_type=\"divider.default\">\n\t\t\t\t<div class=\"elementor-widget-container\">\n\t\t\t\t\t\t\t<div class=\"elementor-divider\">\n\t\t\t<span class=\"elementor-divider-separator\">\n\t\t\t\t\t\t<\/span>\n\t\t<\/div>\n\t\t\t\t\t\t<\/div>\n\t\t\t\t<\/div>\n\t\t\t\t<div class=\"elementor-element elementor-element-ba03349 elementor-widget elementor-widget-heading\" data-id=\"ba03349\" data-element_type=\"widget\" data-widget_type=\"heading.default\">\n\t\t\t\t<div class=\"elementor-widget-container\">\n\t\t\t\t\t<h2 class=\"elementor-heading-title elementor-size-default\">Industriemodul Molekulare Medizin<\/h2>\t\t\t\t<\/div>\n\t\t\t\t<\/div>\n\t\t\t\t<div class=\"elementor-element elementor-element-302256c elementor-widget elementor-widget-text-editor\" data-id=\"302256c\" data-element_type=\"widget\" data-widget_type=\"text-editor.default\">\n\t\t\t\t<div class=\"elementor-widget-container\">\n\t\t\t\t\t\t\t\t\t<p>Informationen hierzu finden Sie <a href=\"\/?page_id=481\">hier<\/a><\/p>\t\t\t\t\t\t\t\t<\/div>\n\t\t\t\t<\/div>\n\t\t\t\t<div class=\"elementor-element elementor-element-2fa9b9b elementor-widget-divider--view-line elementor-widget elementor-widget-divider\" data-id=\"2fa9b9b\" data-element_type=\"widget\" data-widget_type=\"divider.default\">\n\t\t\t\t<div class=\"elementor-widget-container\">\n\t\t\t\t\t\t\t<div class=\"elementor-divider\">\n\t\t\t<span class=\"elementor-divider-separator\">\n\t\t\t\t\t\t<\/span>\n\t\t<\/div>\n\t\t\t\t\t\t<\/div>\n\t\t\t\t<\/div>\n\t\t\t\t<div class=\"elementor-element elementor-element-b527dd1 elementor-widget elementor-widget-heading\" data-id=\"b527dd1\" data-element_type=\"widget\" data-widget_type=\"heading.default\">\n\t\t\t\t<div class=\"elementor-widget-container\">\n\t\t\t\t\t<h2 class=\"elementor-heading-title elementor-size-default\">Bachelor- und Masterarbeiten<\/h2>\t\t\t\t<\/div>\n\t\t\t\t<\/div>\n\t\t\t\t<div class=\"elementor-element elementor-element-09caab7 elementor-widget elementor-widget-text-editor\" data-id=\"09caab7\" data-element_type=\"widget\" data-widget_type=\"text-editor.default\">\n\t\t\t\t<div class=\"elementor-widget-container\">\n\t\t\t\t\t\t\t\t\t<p>Jedes Semester stehen etwa 3 &#8211; 5 Pl\u00e4tze f\u00fcr Bachelor- und Masterarbeiten f\u00fcr die F\u00e4cher Biologie \/ Biochemie \/ Molekulare Medizin zur Verf\u00fcgung. Voraussetzung ist im Regelfall die vorherige Teilnahme an einem der o.g. Praktika.<br \/><span style=\"text-align: var(--text-align); font-family: var( --e-global-typography-text-font-family ), Sans-serif; font-size: var( --e-global-typography-text-font-size ); font-style: var( --e-global-typography-text-font-style ); font-weight: var( --e-global-typography-text-font-weight ); letter-spacing: var( --e-global-typography-text-letter-spacing ); text-transform: var( --e-global-typography-text-text-transform ); word-spacing: var( --e-global-typography-text-word-spacing );\"><br \/>Externe Bachelor-\/Masterarbeiten sind nach individueller R\u00fccksprache ggf. m\u00f6glich.<\/span><\/p>\t\t\t\t\t\t\t\t<\/div>\n\t\t\t\t<\/div>\n\t\t\t\t<div class=\"elementor-element elementor-element-ef0e44c elementor-widget-divider--view-line elementor-widget elementor-widget-divider\" data-id=\"ef0e44c\" data-element_type=\"widget\" data-widget_type=\"divider.default\">\n\t\t\t\t<div class=\"elementor-widget-container\">\n\t\t\t\t\t\t\t<div class=\"elementor-divider\">\n\t\t\t<span class=\"elementor-divider-separator\">\n\t\t\t\t\t\t<\/span>\n\t\t<\/div>\n\t\t\t\t\t\t<\/div>\n\t\t\t\t<\/div>\n\t\t\t\t<div class=\"elementor-element elementor-element-9e37c1c elementor-widget elementor-widget-heading\" data-id=\"9e37c1c\" data-element_type=\"widget\" data-widget_type=\"heading.default\">\n\t\t\t\t<div class=\"elementor-widget-container\">\n\t\t\t\t\t<h2 class=\"elementor-heading-title elementor-size-default\">Sonstige Lehrveranstaltungen<\/h2>\t\t\t\t<\/div>\n\t\t\t\t<\/div>\n\t\t\t\t<div class=\"elementor-element elementor-element-ba4e169 elementor-widget elementor-widget-text-editor\" data-id=\"ba4e169\" data-element_type=\"widget\" data-widget_type=\"text-editor.default\">\n\t\t\t\t<div class=\"elementor-widget-container\">\n\t\t\t\t\t\t\t\t\t<p><a href=\"\/?page_id=194\"><strong>Regelm\u00e4\u00dfige Seminare<\/strong>:<\/a><\/p><ul><li>Journal Club: Aktuelle Arbeiten in den Biowissenschaften<\/li><li>Groupmeeting: Neue Ans\u00e4tze in der Molekularen Mikrobiologie und Gentherapie<\/li><\/ul><p><strong><br \/>Curricul\u00e4re Veranstaltungen unter Beteiligung der AG Wagner:<\/strong><\/p><ul><li>Molekulare Medizin B.Sc.: Modul B-MolMed M12: Mikrobiologie\/Immunologie<\/li><li>Molekulare Medizin M.Sc.: Ringvorlesung Forschungsrichtungen<\/li><li>Humanmedizin: Kurs &#8220;Hygiene, Mikrobiologie, Virologie&#8221;<\/li><\/ul>\t\t\t\t\t\t\t\t<\/div>\n\t\t\t\t<\/div>\n\t\t\t\t\t<\/div>\n\t\t\t\t<\/div>\n\t\t\t\t<\/div>\n\t\t","protected":false},"excerpt":{"rendered":"<p>Vorlesungen und Seminare Insb. f\u00fcr Naturwissenschaftler*innen (Studieng\u00e4nge Biologie, Biochemie, Molekulare Medizin, Lehramt) WS: Vorlesung \u201cMolekulare Virologie I\u201d (54405), Dienstags, 17:15 \u2013 18:45, Seminarraum Mikrobiologie D2.5.3 \u2013 Informationen im SPUR, Anmeldung bei GRIPS empfohlen, um an der Veranstaltung teilzunehmen. Seminar \u201cMolekulare Virologie und Gentechnologie\u201d (54410) \u2013 Informationen im SPUR Anmeldung bei GRIPS erforderlich, um an der [&hellip;]<\/p>\n","protected":false},"author":1,"featured_media":0,"parent":0,"menu_order":0,"comment_status":"closed","ping_status":"closed","template":"elementor_header_footer","meta":{"footnotes":""},"class_list":["post-191","page","type-page","status-publish","hentry"],"yoast_head":"<!-- This site is optimized with the Yoast SEO plugin v23.3 - https:\/\/yoast.com\/wordpress\/plugins\/seo\/ -->\n<title>Teaching - Wagner Lab<\/title>\n<meta name=\"robots\" content=\"index, follow, max-snippet:-1, max-image-preview:large, max-video-preview:-1\" \/>\n<link rel=\"canonical\" href=\"https:\/\/wagner-lab.de\/?page_id=191\" \/>\n<meta property=\"og:locale\" content=\"en_GB\" \/>\n<meta property=\"og:type\" content=\"article\" \/>\n<meta property=\"og:title\" content=\"Teaching - Wagner Lab\" \/>\n<meta property=\"og:description\" content=\"Vorlesungen und Seminare Insb. f\u00fcr Naturwissenschaftler*innen (Studieng\u00e4nge Biologie, Biochemie, Molekulare Medizin, Lehramt) WS: Vorlesung \u201cMolekulare Virologie I\u201d (54405), Dienstags, 17:15 \u2013 18:45, Seminarraum Mikrobiologie D2.5.3 \u2013 Informationen im SPUR, Anmeldung bei GRIPS empfohlen, um an der Veranstaltung teilzunehmen. Seminar \u201cMolekulare Virologie und Gentechnologie\u201d (54410) \u2013 Informationen im SPUR Anmeldung bei GRIPS erforderlich, um an der [&hellip;]\" \/>\n<meta property=\"og:url\" content=\"https:\/\/wagner-lab.de\/?page_id=191\" \/>\n<meta property=\"og:site_name\" content=\"Wagner Lab\" \/>\n<meta property=\"article:modified_time\" content=\"2024-02-09T09:47:50+00:00\" \/>\n<meta property=\"og:image\" content=\"https:\/\/wagner-lab.de\/wp-content\/uploads\/2023\/09\/hintergrund.png\" \/>\n<meta name=\"twitter:card\" content=\"summary_large_image\" \/>\n<meta name=\"twitter:label1\" content=\"Estimated reading time\" \/>\n\t<meta name=\"twitter:data1\" content=\"2 minutes\" \/>\n<script type=\"application\/ld+json\" class=\"yoast-schema-graph\">{\"@context\":\"https:\/\/schema.org\",\"@graph\":[{\"@type\":\"WebPage\",\"@id\":\"https:\/\/wagner-lab.de\/?page_id=191\",\"url\":\"https:\/\/wagner-lab.de\/?page_id=191\",\"name\":\"Teaching - Wagner Lab\",\"isPartOf\":{\"@id\":\"https:\/\/wagner-lab.de\/#website\"},\"primaryImageOfPage\":{\"@id\":\"https:\/\/wagner-lab.de\/?page_id=191#primaryimage\"},\"image\":{\"@id\":\"https:\/\/wagner-lab.de\/?page_id=191#primaryimage\"},\"thumbnailUrl\":\"https:\/\/wagner-lab.de\/wp-content\/uploads\/2023\/09\/hintergrund.png\",\"datePublished\":\"2023-09-17T18:18:34+00:00\",\"dateModified\":\"2024-02-09T09:47:50+00:00\",\"breadcrumb\":{\"@id\":\"https:\/\/wagner-lab.de\/?page_id=191#breadcrumb\"},\"inLanguage\":\"en-GB\",\"potentialAction\":[{\"@type\":\"ReadAction\",\"target\":[\"https:\/\/wagner-lab.de\/?page_id=191\"]}]},{\"@type\":\"ImageObject\",\"inLanguage\":\"en-GB\",\"@id\":\"https:\/\/wagner-lab.de\/?page_id=191#primaryimage\",\"url\":\"https:\/\/wagner-lab.de\/wp-content\/uploads\/2023\/09\/hintergrund.png\",\"contentUrl\":\"https:\/\/wagner-lab.de\/wp-content\/uploads\/2023\/09\/hintergrund.png\",\"width\":1600,\"height\":1067},{\"@type\":\"BreadcrumbList\",\"@id\":\"https:\/\/wagner-lab.de\/?page_id=191#breadcrumb\",\"itemListElement\":[{\"@type\":\"ListItem\",\"position\":1,\"name\":\"Home\",\"item\":\"https:\/\/wagner-lab.de\/\"},{\"@type\":\"ListItem\",\"position\":2,\"name\":\"Teaching\"}]},{\"@type\":\"WebSite\",\"@id\":\"https:\/\/wagner-lab.de\/#website\",\"url\":\"https:\/\/wagner-lab.de\/\",\"name\":\"Wagner Lab\",\"description\":\"\",\"publisher\":{\"@id\":\"https:\/\/wagner-lab.de\/#organization\"},\"alternateName\":\"AG Wagner - Molecular virology - Regensburg\",\"potentialAction\":[{\"@type\":\"SearchAction\",\"target\":{\"@type\":\"EntryPoint\",\"urlTemplate\":\"https:\/\/wagner-lab.de\/?s={search_term_string}\"},\"query-input\":\"required name=search_term_string\"}],\"inLanguage\":\"en-GB\"},{\"@type\":\"Organization\",\"@id\":\"https:\/\/wagner-lab.de\/#organization\",\"name\":\"Wagner Lab\",\"alternateName\":\"AG Prof. Ralf Wagner\",\"url\":\"https:\/\/wagner-lab.de\/\",\"logo\":{\"@type\":\"ImageObject\",\"inLanguage\":\"en-GB\",\"@id\":\"https:\/\/wagner-lab.de\/#\/schema\/logo\/image\/\",\"url\":\"https:\/\/wagner-lab.de\/wp-content\/uploads\/2023\/09\/wagnerLogo.jpeg\",\"contentUrl\":\"https:\/\/wagner-lab.de\/wp-content\/uploads\/2023\/09\/wagnerLogo.jpeg\",\"width\":193,\"height\":160,\"caption\":\"Wagner Lab\"},\"image\":{\"@id\":\"https:\/\/wagner-lab.de\/#\/schema\/logo\/image\/\"}}]}<\/script>\n<!-- \/ Yoast SEO plugin. -->","yoast_head_json":{"title":"Teaching - Wagner Lab","robots":{"index":"index","follow":"follow","max-snippet":"max-snippet:-1","max-image-preview":"max-image-preview:large","max-video-preview":"max-video-preview:-1"},"canonical":"https:\/\/wagner-lab.de\/?page_id=191","og_locale":"en_GB","og_type":"article","og_title":"Teaching - Wagner Lab","og_description":"Vorlesungen und Seminare Insb. f\u00fcr Naturwissenschaftler*innen (Studieng\u00e4nge Biologie, Biochemie, Molekulare Medizin, Lehramt) WS: Vorlesung \u201cMolekulare Virologie I\u201d (54405), Dienstags, 17:15 \u2013 18:45, Seminarraum Mikrobiologie D2.5.3 \u2013 Informationen im SPUR, Anmeldung bei GRIPS empfohlen, um an der Veranstaltung teilzunehmen. Seminar \u201cMolekulare Virologie und Gentechnologie\u201d (54410) \u2013 Informationen im SPUR Anmeldung bei GRIPS erforderlich, um an der [&hellip;]","og_url":"https:\/\/wagner-lab.de\/?page_id=191","og_site_name":"Wagner Lab","article_modified_time":"2024-02-09T09:47:50+00:00","og_image":[{"url":"https:\/\/wagner-lab.de\/wp-content\/uploads\/2023\/09\/hintergrund.png"}],"twitter_card":"summary_large_image","twitter_misc":{"Estimated reading time":"2 minutes"},"schema":{"@context":"https:\/\/schema.org","@graph":[{"@type":"WebPage","@id":"https:\/\/wagner-lab.de\/?page_id=191","url":"https:\/\/wagner-lab.de\/?page_id=191","name":"Teaching - Wagner Lab","isPartOf":{"@id":"https:\/\/wagner-lab.de\/#website"},"primaryImageOfPage":{"@id":"https:\/\/wagner-lab.de\/?page_id=191#primaryimage"},"image":{"@id":"https:\/\/wagner-lab.de\/?page_id=191#primaryimage"},"thumbnailUrl":"https:\/\/wagner-lab.de\/wp-content\/uploads\/2023\/09\/hintergrund.png","datePublished":"2023-09-17T18:18:34+00:00","dateModified":"2024-02-09T09:47:50+00:00","breadcrumb":{"@id":"https:\/\/wagner-lab.de\/?page_id=191#breadcrumb"},"inLanguage":"en-GB","potentialAction":[{"@type":"ReadAction","target":["https:\/\/wagner-lab.de\/?page_id=191"]}]},{"@type":"ImageObject","inLanguage":"en-GB","@id":"https:\/\/wagner-lab.de\/?page_id=191#primaryimage","url":"https:\/\/wagner-lab.de\/wp-content\/uploads\/2023\/09\/hintergrund.png","contentUrl":"https:\/\/wagner-lab.de\/wp-content\/uploads\/2023\/09\/hintergrund.png","width":1600,"height":1067},{"@type":"BreadcrumbList","@id":"https:\/\/wagner-lab.de\/?page_id=191#breadcrumb","itemListElement":[{"@type":"ListItem","position":1,"name":"Home","item":"https:\/\/wagner-lab.de\/"},{"@type":"ListItem","position":2,"name":"Teaching"}]},{"@type":"WebSite","@id":"https:\/\/wagner-lab.de\/#website","url":"https:\/\/wagner-lab.de\/","name":"Wagner Lab","description":"","publisher":{"@id":"https:\/\/wagner-lab.de\/#organization"},"alternateName":"AG Wagner - Molecular virology - Regensburg","potentialAction":[{"@type":"SearchAction","target":{"@type":"EntryPoint","urlTemplate":"https:\/\/wagner-lab.de\/?s={search_term_string}"},"query-input":"required name=search_term_string"}],"inLanguage":"en-GB"},{"@type":"Organization","@id":"https:\/\/wagner-lab.de\/#organization","name":"Wagner Lab","alternateName":"AG Prof. Ralf Wagner","url":"https:\/\/wagner-lab.de\/","logo":{"@type":"ImageObject","inLanguage":"en-GB","@id":"https:\/\/wagner-lab.de\/#\/schema\/logo\/image\/","url":"https:\/\/wagner-lab.de\/wp-content\/uploads\/2023\/09\/wagnerLogo.jpeg","contentUrl":"https:\/\/wagner-lab.de\/wp-content\/uploads\/2023\/09\/wagnerLogo.jpeg","width":193,"height":160,"caption":"Wagner Lab"},"image":{"@id":"https:\/\/wagner-lab.de\/#\/schema\/logo\/image\/"}}]}},"_links":{"self":[{"href":"https:\/\/wagner-lab.de\/index.php?rest_route=\/wp\/v2\/pages\/191","targetHints":{"allow":["GET"]}}],"collection":[{"href":"https:\/\/wagner-lab.de\/index.php?rest_route=\/wp\/v2\/pages"}],"about":[{"href":"https:\/\/wagner-lab.de\/index.php?rest_route=\/wp\/v2\/types\/page"}],"author":[{"embeddable":true,"href":"https:\/\/wagner-lab.de\/index.php?rest_route=\/wp\/v2\/users\/1"}],"replies":[{"embeddable":true,"href":"https:\/\/wagner-lab.de\/index.php?rest_route=%2Fwp%2Fv2%2Fcomments&post=191"}],"version-history":[{"count":123,"href":"https:\/\/wagner-lab.de\/index.php?rest_route=\/wp\/v2\/pages\/191\/revisions"}],"predecessor-version":[{"id":4240,"href":"https:\/\/wagner-lab.de\/index.php?rest_route=\/wp\/v2\/pages\/191\/revisions\/4240"}],"wp:attachment":[{"href":"https:\/\/wagner-lab.de\/index.php?rest_route=%2Fwp%2Fv2%2Fmedia&parent=191"}],"curies":[{"name":"wp","href":"https:\/\/api.w.org\/{rel}","templated":true}]}}